{"id":72572,"date":"2026-03-31T15:03:37","date_gmt":"2026-03-31T15:03:37","guid":{"rendered":"https:\/\/www.uta.cl\/?page_id=72572"},"modified":"2026-03-31T15:08:49","modified_gmt":"2026-03-31T15:08:49","slug":"presentacion-de-antecedentes-del-proyecto-uta24991-para-la-contratacion-de-1-profesional-ingenieroa-informaticoa","status":"publish","type":"page","link":"https:\/\/www.uta.cl\/index.php\/presentacion-de-antecedentes-del-proyecto-uta24991-para-la-contratacion-de-1-profesional-ingenieroa-informaticoa\/","title":{"rendered":"Presentaci\u00f3n de antecedentes del proyecto UTA24991, para la contrataci\u00f3n de 1 Profesional Ingeniero(a) Inform\u00e1tico(a)."},"content":{"rendered":"\n<h1><strong>Presentaci\u00f3n de antecedentes del proyecto UTA24991, para la contrataci\u00f3n de 1 Profesional Ingeniero(a) Inform\u00e1tico(a).<\/strong><\/h1>\n\n\n\n<p>Documento del llamado: <a href=\"https:\/\/www.uta.cl\/wp-content\/uploads\/2026\/03\/UTA24991-PERFIL-INGENIEROA-INFORMATICOA.pdf\" data-type=\"URL\" data-id=\"https:\/\/www.uta.cl\/wp-content\/uploads\/2026\/03\/UTA24991-PERFIL-INGENIEROA-INFORMATICOA.pdf\">Click para descargar documento<\/a><\/p>\n\n\n\n<p>Link de postulaci\u00f3n: <a href=\"https:\/\/forms.gle\/s6iE1MGURZV5gZYw5\" data-type=\"URL\" data-id=\"https:\/\/forms.gle\/s6iE1MGURZV5gZYw5\">Ver formulario de postulaci\u00f3n<\/a><\/p>\n","protected":false},"excerpt":{"rendered":"<p>Presentaci\u00f3n de antecedentes del proyecto UTA24991, para la contrataci\u00f3n de 1 Profesional Ingeniero(a) Inform\u00e1tico(a). Documento del llamado: Click para descargar documento Link de postulaci\u00f3n: Ver formulario de postulaci\u00f3n<\/p>\n","protected":false},"author":15,"featured_media":0,"parent":0,"menu_order":0,"comment_status":"closed","ping_status":"closed","template":"","meta":[],"_links":{"self":[{"href":"https:\/\/www.uta.cl\/index.php\/wp-json\/wp\/v2\/pages\/72572"}],"collection":[{"href":"https:\/\/www.uta.cl\/index.php\/wp-json\/wp\/v2\/pages"}],"about":[{"href":"https:\/\/www.uta.cl\/index.php\/wp-json\/wp\/v2\/types\/page"}],"author":[{"embeddable":true,"href":"https:\/\/www.uta.cl\/index.php\/wp-json\/wp\/v2\/users\/15"}],"replies":[{"embeddable":true,"href":"https:\/\/www.uta.cl\/index.php\/wp-json\/wp\/v2\/comments?post=72572"}],"version-history":[{"count":4,"href":"https:\/\/www.uta.cl\/index.php\/wp-json\/wp\/v2\/pages\/72572\/revisions"}],"predecessor-version":[{"id":72578,"href":"https:\/\/www.uta.cl\/index.php\/wp-json\/wp\/v2\/pages\/72572\/revisions\/72578"}],"wp:attachment":[{"href":"https:\/\/www.uta.cl\/index.php\/wp-json\/wp\/v2\/media?parent=72572"}],"curies":[{"name":"wp","href":"https:\/\/api.w.org\/{rel}","templated":true}]}}