{"id":34890,"date":"2022-03-25T12:03:29","date_gmt":"2022-03-25T12:03:29","guid":{"rendered":"https:\/\/www.uta.cl\/?page_id=34890"},"modified":"2024-04-22T14:39:00","modified_gmt":"2024-04-22T14:39:00","slug":"magister-en-fisica-medica-en-diagnostico-por-imagen","status":"publish","type":"page","link":"https:\/\/www.uta.cl\/index.php\/magister-en-fisica-medica-en-diagnostico-por-imagen\/","title":{"rendered":"Mag\u00edster en F\u00edsica M\u00e9dica en Diagn\u00f3stico por Imagen"},"content":{"rendered":"","protected":true},"excerpt":{"rendered":"","protected":true},"author":1,"featured_media":0,"parent":0,"menu_order":0,"comment_status":"closed","ping_status":"closed","template":"elementor_header_footer","meta":[],"_links":{"self":[{"href":"https:\/\/www.uta.cl\/index.php\/wp-json\/wp\/v2\/pages\/34890"}],"collection":[{"href":"https:\/\/www.uta.cl\/index.php\/wp-json\/wp\/v2\/pages"}],"about":[{"href":"https:\/\/www.uta.cl\/index.php\/wp-json\/wp\/v2\/types\/page"}],"author":[{"embeddable":true,"href":"https:\/\/www.uta.cl\/index.php\/wp-json\/wp\/v2\/users\/1"}],"replies":[{"embeddable":true,"href":"https:\/\/www.uta.cl\/index.php\/wp-json\/wp\/v2\/comments?post=34890"}],"version-history":[{"count":85,"href":"https:\/\/www.uta.cl\/index.php\/wp-json\/wp\/v2\/pages\/34890\/revisions"}],"predecessor-version":[{"id":52127,"href":"https:\/\/www.uta.cl\/index.php\/wp-json\/wp\/v2\/pages\/34890\/revisions\/52127"}],"wp:attachment":[{"href":"https:\/\/www.uta.cl\/index.php\/wp-json\/wp\/v2\/media?parent=34890"}],"curies":[{"name":"wp","href":"https:\/\/api.w.org\/{rel}","templated":true}]}}